 c = 6 - -3. Calculate the greatest common factor of 1 and c.
1
Let s be (-8)/2*7/(-1). Calculate the highest common divisor of s and 70.
14
Let f = -63 + 178. Suppose x - 2*o = 2*o + f, 3*x = -5*o + 277. Let r be -2*(3 + -2) + 11. Calculate the highest common factor of r and x.
9
Suppose -4*l = -4*c + 40, 4*c - 3*c + 5*l = 4. Suppose 3*d = 2*t + 118, 5*t + 16 = -c. Let o = 24 + 0. What is the highest common factor of d and o?
12
Let l = -466 - -694. Suppose 3*d = g - 76, 6*g - 3*g - l = 3*d. Let j(t) = 2*t**3 - 4*t**2 + 1. Let h be j(3). What is the greatest common factor of g and h?
19
Let q be (294/8)/(15/40). What is the greatest common factor of q and 14?
14
Suppose -25*x - 30 = -28*x. Calculate the greatest common factor of 15 and x.
5
Suppose 96 = 5*r - 144. What is the highest common factor of r and 6?
6
Let z = 217 + -172. What is the greatest common factor of z and 30?
15
Suppose -3*f = 5*d - 350, f + 3*d + 246 = 3*f. What is the highest common factor of f and 15?
15
Suppose -2*r + 8 = -3*k + 3, 30 = 4*r - 2*k. Let t be 356/r - (-6)/15. Calculate the greatest common divisor of 4 and t.
4
Let k = 2 + -7. Let b be 0/(-2) + (202 - k). Let a(s) = -24*s**3 - 2*s**2 - 2*s - 1. Let n be a(-1). Calculate the greatest common divisor of b and n.
23
Let b(h) = 6*h - 3. Suppose 7*c - 56 = 3*c. Let a be b(c). What is the highest common factor of 27 and a?
27
Suppose 2*l = -5*v + 10, -3*l + 0*v = 4*v - 15. Suppose -2*f + 18 - 2 = l*d, 0 = 3*d - 2*f - 16. Calculate the greatest common divisor of 2 and d.
2
Suppose -5*f + 59 + 76 = 0. Let r(w) = 9*w**2 - w - 1. Let y be r(-1). Calculate the highest common divisor of f and y.
9
Suppose -5*k = -0*k - 50. Suppose 4*m - 5*v = 480, -300 - 180 = -4*m + 3*v. Suppose -3*o = o - m. What is the highest common divisor of o and k?
10
Suppose -v + 2 = -1. Calculate the greatest common divisor of 3 and v.
3
Suppose -5*c + 14 = -z, -2*c + 3 = -1. Let b be (z/6)/((-3)/9). Let h be 2 + (34 - (b + -1)). Calculate the highest common factor of 14 and h.
7
Suppose 0 = k + k - 104. Suppose 4*m - k + 0 = 0. Calculate the highest common factor of 104 and m.
13
Let o(z) = 3*z**2 + 5. Let w(t) = -t + 9. Let x be w(4). Let r be o(x). Calculate the highest common divisor of r and 32.
16
Let r(v) = v**3 - 7*v**2 - 11*v - 21. Let k be r(9). Let a be (-4)/14 - (-132)/21. What is the greatest common divisor of a and k?
6
Let y(r) = 3*r + 12. Let o be y(14). What is the greatest common divisor of o and 36?
18
Let s = 12 - 9. Suppose s*q = -2*q + 1125. Calculate the greatest common factor of 25 and q.
25
Let w = 63 + -25. Calculate the greatest common factor of w and 190.
38
Let p(t) = 13*t**2 + t - 1. Let g be p(1). Suppose 4 = 2*o, 2*f - 44 = -o + 5*o. What is the highest common divisor of f and g?
13
Suppose 3*x - 4*v - 61 + 17 = 0, -4*v + 20 = 5*x. What is the highest common divisor of 16 and x?
8
Suppose 0*t + 10 = -g + 3*t, -5*t + 25 = 0. Calculate the highest common divisor of 65 and g.
5
Suppose -6*c = -5*g - c + 1390, 0 = 3*c - 3. Suppose 4*l - 3*w - g = 0, 2*l - 25 = 3*w + 122. Calculate the highest common divisor of 22 and l.
22
Let m = 246 - 236. Let l = 32 + 8. What is the highest common divisor of m and l?
10
Let v = 400 - 175. What is the greatest common divisor of 90 and v?
45
Let p = -147 + 247. What is the greatest common divisor of 20 and p?
20
Let i(l) = -l**3 + 5*l**2 + 5*l - 3. Let x be i(6). Let g be (-6)/x + 8/6. Let u be 1/(-3) - (-31)/3. Calculate the highest common divisor of u and g.
2
Let p be (0 + 8)/(8/32). What is the greatest common factor of p and 48?
16
Suppose -4*m - 2*c = -6, 3*m = -2*m - c + 12. Suppose -m*q = q - 12. Calculate the greatest common divisor of q and 12.
3
Let l be (-104)/6 + 2/(-3). Let f = -4 + 6. Let n be (l/(-15))/(f/20). What is the greatest common divisor of n and 108?
12
Let k(f) = 2*f - 6. Let s be k(-5). Let w be -6 - (-2)/(1 + -2). Let c = w - s. What is the highest common divisor of c and 24?
8
Let w be (-6)/27 - ((-1218)/(-27))/(-14). Let h be -1 + 2 - (-10 - 1). Calculate the greatest common divisor of w and h.
3
Let m(s) = -s**3 - 3*s**2 - 4*s + 2. Let b be m(-2). What is the greatest common factor of b and 18?
6
Let t(h) = h**3 - 11*h**2 - 12*h + 5. Let l be t(12). Suppose -l*c - 6 + 80 = 4*o, -3*o + 31 = 2*c. Calculate the greatest common factor of 28 and c.
14
Let y(o) = -o**2 - 9*o - 11. Let q be y(-5). Suppose -3*c = -326 + 29. What is the greatest common factor of q and c?
9
Let b be 8 + 1*(-4 + 5). What is the highest common divisor of b and 99?
9
Suppose 0 = 10*u - 7*u - 102. What is the greatest common factor of 306 and u?
34
Let u(v) = -2*v - 2. Suppose -1 = 4*g - g + 4*a, -3*a = 3*g + 6. Let b be u(g). Calculate the highest common factor of 4 and b.
4
Let g be (-3)/2 - (-21)/6. Suppose g*z = 3*z - 15. Calculate the highest common factor of z and 120.
15
Let q = -31 - -42. Suppose -4*n = -n - 6. Let g = n + q. Calculate the greatest common divisor of 26 and g.
13
Suppose -r + 2 + 6 = 0. What is the greatest common factor of r and 16?
8
Let d be (-237)/(-6) + 4/(-16)*-2. Calculate the greatest common factor of 80 and d.
40
Suppose -3*z - 38 + 14 = -4*x, -3*x - 2*z + 1 = 0. Calculate the highest common factor of x and 3.
3
Let k be (2/(-3))/(2/(-27)). Calculate the greatest common factor of k and 18.
9
Suppose 2*r = -r + 3. Let d = -6 + 14. Calculate the highest common factor of r and d.
1
Suppose 0 = 3*k + 2*m - 20, -2*m - 7 = -k - 3*m. Calculate the highest common divisor of 4 and k.
2
Suppose z - 4*o - 32 = -2*z, 16 = -z - 4*o. Let c be (z/3)/((-3)/(-54)). What is the greatest common factor of c and 8?
8
Let d be (-1)/(-4) + 1116/16. Suppose 0 = -5*v - 3*i + 250, 7*i - 3*i = v - 27. Let b = -19 + v. What is the highest common factor of b and d?
14
Let f(v) = -v + 16. Let o be f(7). Let s = -24 - -69. What is the greatest common factor of o and s?
9
Let b(n) = n**2 - 2*n. Let a be b(5). Let v = 12 + a. What is the highest common factor of v and 18?
9
Let a = 61 - 53. Calculate the highest common factor of a and 2.
2
Suppose -b = 5*y - 60, -2*y + 100 = 3*b - 3*y. Calculate the highest common factor of b and 14.
7
Suppose 0 = 2*m - 3*m + 13. Suppose -2*j + 3*w = -3*j + m, -4*w + 29 = 3*j. What is the highest common divisor of j and 7?
7
Let m = 80 - -148. Let j = -108 + m. What is the greatest common factor of j and 12?
12
Let f = 7 - -14. What is the greatest common factor of f and 84?
21
Let a(x) = -x**2 - 5*x. Let u be a(-3). Suppose 2*i - 3 = i. Suppose 61 = i*g - 101. Calculate the greatest common factor of u and g.
6
Suppose 11*u - 12*u = -20. What is the greatest common divisor of u and 8?
4
Let c be (-14)/(1 - 0) + 2. Suppose 3*y = 5*y + 10. Let l be c/y - (-4)/(-10). What is the highest common factor of l and 3?
1
Suppose 8 = 4*m - 4*r, 0 = m + 3*r - r - 14. Calculate the highest common divisor of 78 and m.
6
Suppose 5*p - 5*d = -0*p + 400, 5*p - d - 420 = 0. Let z = 1 + 16. What is the highest common factor of z and p?
17
Suppose -24 = -3*p - p. Suppose -10 = -2*f + p. Suppose 3*m + n = 213, m - 57 = -n + 12. What is the greatest common divisor of m and f?
8
Suppose -4*o + 16 = h - 3*h, 5*o - 3*h - 18 = 0. What is the highest common factor of 9 and o?
3
Suppose 7*m + 627 = 10*m. Calculate the highest common factor of m and 19.
19
Let n(a) = -a**3 + 1. Let g be n(0). Let f(k) = k + 17. Let u be f(-8). Calculate the greatest common divisor of g and u.
1
Suppose 122 + 164 = b. What is the greatest common factor of 26 and b?
26
Let q = -55 + 59. What is the highest common divisor of q and 1?
1
Let t(i) = 2*i**2 - 5*i + 2. Let s be t(4). Let p(v) = v**3 + 0*v**3 - 4 + 6 - 4*v**2. Let x be p(4). What is the greatest common factor of s and x?
2
Let c(k) = 5*k - 124. Let b be c(28). Suppose 3*g + 132 = 5*r + 6*g, -g - 20 = -r. What is the highest common factor of r and b?
8
Suppose 4*g - 4 = 2*g. Suppose -2 - 18 = -5*z. What is the highest common divisor of z and g?
2
Let p = 12 + -8. Calculate the greatest common factor of p and 20.
4
Let q(d) = d**2 - 5*d**2 + 4*d**3 + d**3 - d - 1 + 4. Let s be q(3). Let o be -5*8/(-20) - -7. Calculate the greatest common divisor of s and o.
9
Let z = -46 + 167. What is the highest common factor of 11 and z?
11
Suppo